of h and 11.
11
Let v(u) be the first derivative of u**3/3 - u**2 - 4*u + 1. Let n be (1/(-3))/(3/(-9*4)). Let w be v(n). Calculate the greatest common factor of w and 16.
4
Let r(s) = -2*s - 2. Let t be r(-5). What is the highest common divisor of 8 and t?
8
Suppose 0 = -5*j + 4*u + 28, 0 = -4*j + 2*u - 0 + 26. Calculate the greatest common divisor of 20 and j.
4
Suppose 2*m + 3 + 7 = 2*f, 2*f + 5*m = 3. Suppose -f*d + 120 = -340. Calculate the highest common factor of 46 and d.
23
Let h = 7 + -1. Let g(v) = -v**2 - 5*v + 7. Let r be g(-6). Let n be 3 - r/((-1)/15). Calculate the highest common divisor of n and h.
6
Let w = 392 - 272. Calculate the highest common divisor of 15 and w.
15
Suppose -7*i = -5*i - 66. Let a be 1 - (-1*2)/1. Calculate the highest common divisor of i and a.
3
Let y(f) = f + 2. Let u be y(0). Suppose -s - u*s = 63. Let g be (180/(-14))/(3/s). Calculate the greatest common divisor of 36 and g.
18
Let s(h) = 3*h**2 + 4*h + 1. Let w be s(-2). Let r be 1/w + 239/5. What is the highest common divisor of r and 6?
6
Suppose 99 = 4*h - 5. Calculate the greatest common factor of h and 78.
26
Suppose -4*c + 4*z = -44, 2*c - 7 = 3*c + 5*z. Let n(l) = -l**3 + 7*l**2 + 10*l + 2. Let r be n(c). Calculate the highest common divisor of r and 9.
9
Suppose 220 = 2*h + 2*h. Let b be -23 + -3 + (-2)/(-2). Let n = b - -36. What is the highest common divisor of n and h?
11
Let p be -7*1 + (4 - 2). Let s(l) = -l**2 - 6*l - 4. Let n be s(p). Suppose 20 = -17*z + 71. What is the highest common divisor of z and n?
1
Let o(t) = t**3 - 6*t**2 - 4*t + 9. Let c be o(7). Calculate the greatest common factor of c and 5.
5
Let h be (-135)/((-5)/1) + -3. Calculate the greatest common factor of h and 192.
24
Suppose 23*k - 28*k = -660. Calculate the greatest common divisor of 12 and k.
12
Let r(a) = 3*a**2 - a - 15. Let x be r(-6). Calculate the highest common factor of 33 and x.
33
Suppose 0 = -7*t - 2*t + 360. What is the greatest common factor of t and 4?
4
Let o(n) = -n - 3. Let i = 60 - 36. Suppose -2*l = 2*r + 2*l + i, r + 4*l = -20. Let t be o(r). Calculate the highest common divisor of 7 and t.
1
Let f = -34 - -59. What is the highest common factor of 5 and f?
5
Let z(w) = 17*w + 7. Let f be z(3). Calculate the greatest common divisor of f and 464.
58
Let o(n) = -6*n + 2. Let l be o(5). Let w = 0 - 6. Let j = w - l. What is the greatest common divisor of 2 and j?
2
Let l(d) be the third derivative of -d**6/120 - d**5/10 - d**4/4 + d**3 + d**2. Let a be l(-5). What is the greatest common factor of a and 1?
1
Suppose 5*j + 1 + 9 = 0, 2*j + 14 = -t. Let p = t - -26. Let o be (-1)/((-2)/(-288))*-1. What is the highest common divisor of p and o?
16
Suppose 8*r - 3*r = 5. Calculate the greatest common factor of r and 13.
1
Let c(f) = f**2 + 4*f - 2. Let x be 5 + -12 + (-1)/(-1). Let k be c(x). Suppose 3*t + 24 - 84 = 0. Calculate the greatest common factor of k and t.
10
Suppose 6*j - 11*j + 360 = 0. Calculate the highest common factor of j and 24.
24
Let c(w) = -2*w - 5. Let j be c(-7). Suppose -8*a = -7*a - 18. Calculate the greatest common factor of j and a.
9
Let d(l) = 6*l + 287. Let f be d(0). What is the greatest common factor of 41 and f?
41
Suppose o - 604 = 4*l, 1213 = 2*o - 7*l + 4*l. Suppose o = 2*p - 250. Suppose -3*j + 6*j = p. What is the highest common factor of j and 13?
13
Let y be (-1*55)/1*60/(-100). What is the highest common divisor of y and 297?
33
Let z = -15 - -28. Let w(g) = -g - 4. Let o be w(-5). Let y = o + z. Calculate the greatest common factor of y and 14.
14
Suppose -5*l = 5*k - 50, -3*l = -0*l - 2*k - 35. Let v = 29 - l. Calculate the highest common factor of 54 and v.
18
Let w(n) = -n**3 + 8*n**2 - 2*n + 5. Let m be w(7). Suppose 5*x = -0*b - b - 5, 4*x = -2*b + 8. What is the greatest common factor of m and b?
10
Let a = -13 - -23. Calculate the greatest common divisor of a and 40.
10
Suppose -4*j + 670 = 166. What is the greatest common divisor of 18 and j?
18
Let z(r) = 6 - 6 + 16*r**2. Let a be z(1). Suppose 0 = -3*f - 4 + 10. What is the greatest common factor of a and f?
2
Suppose -3*p - 3*b + 18 = 0, 6*p = 2*p + b + 29. Suppose 3*j - p*j = -36. Calculate the greatest common divisor of 3 and j.
3
Let b be (-10)/55 - 3174/(-33). What is the greatest common factor of 12 and b?
12
Let w(c) = -11*c + 1. Let n be w(3). Let o = -22 - n. What is the greatest common divisor of 90 and o?
10
Suppose 34 + 31 = 5*w. Calculate the highest common factor of 91 and w.
13
Suppose -5*x - 3*b = -b - 52, -4*x - 2*b + 42 = 0. Let y be 10*5/(x/(-4)). Let s be 4/5*y/(-2). What is the greatest common factor of s and 4?
4
Let c(n) = n - 7. Let v be c(5). Let m(g) = 41*g**2 + 3*g + 2. Let w be m(v). Calculate the greatest common divisor of w and 16.
16
Suppose 5*n + 4 = 4*n. Let i be n/6 - 3/9. Let h = i - -33. What is the highest common factor of 8 and h?
8
Let c(u) = 40*u - 3. Let r be c(2). Suppose 0 = 5*k + l - 52, k + 5*l = -0*l - 4. Calculate the greatest common divisor of r and k.
11
Let m(o) = o**3 - 14*o**2 - 10*o - 35. Let j be m(15). Let z be (20 + -2)/1 + -2. Calculate the highest common factor of j and z.
8
Let n(z) = 2*z - 25. Let k be n(23). Let s(f) = 2*f - 5. Suppose m = j - m + 6, -5 = 5*j - 5*m. Let g be s(j). What is the highest common factor of k and g?
3
Let n(r) = r**3 - 6*r**2 - 7*r - 17. Let v be n(8). Let t(l) = -3*l - 4. Let k be t(-3). What is the highest common factor of k and v?
5
Let t = 281 + -185. What is the highest common divisor of t and 32?
32
Let o be ((-76)/(-57))/(2/12). Calculate the greatest common divisor of o and 32.
8
Let i be (-1 + -10)/(3/(-39)). Calculate the highest common factor of i and 13.
13
Let o = -84 - -168. Calculate the highest common factor of o and 12.
12
Suppose 130 = -5*o + 5*u, 170 = -2*o - 3*o - 5*u. Let a = o + 56. What is the greatest common factor of 65 and a?
13
Let g be 13/(-26) - (-177)/2. What is the greatest common divisor of 11 and g?
11
Suppose -3*s + 7 - 1 = 0. Let r = s - -12. Let k be ((-4)/14)/((-2)/r). Calculate the greatest common factor of k and 1.
1
Suppose 3*d - 2*d - 1 = 0. Let m(l) be the second derivative of 7*l**3/3 + l**2/2 + 4*l. Let z be m(d). What is the highest common factor of 3 and z?
3
Let x(q) = 3*q**2 + q + 14. Let v be x(6). Let o(d) = 2*d**2 + 5*d + 4. Let t be o(-4). Calculate the greatest common factor of v and t.
16
Suppose 0 = 2*u - 10, 3*r - 18 = -0*r + 3*u. What is the highest common divisor of 55 and r?
11
Suppose 3*z + 0 - 60 = 0. Suppose -3*s = 2*i - 11, -3*i + 2*i - 22 = -4*s. Let c be 16/i*2/(-2). Calculate the highest common divisor of z and c.
4
Let l be 68/(-51)*(-2 - (-359)/(-2)). Calculate the highest common divisor of 22 and l.
22
Suppose 4*a = -3*a + 21. Suppose 4*x = a*p - 179, 0*p - 3*p + 3*x = -177. Let t = 5 + 14. What is the highest common divisor of t and p?
19
Suppose 5*b + 1 = -4, 0 = 2*p + 4*b - 44. What is the highest common divisor of 12 and p?
12
Let p = -16 - -7. Let y(j) = j - 15. Let h be y(0). Let s = p - h. What is the greatest common divisor of s and 18?
6
Suppose q = 21 + 21. Let o be -1 - -4 - (9 - q). What is the highest common factor of o and 4?
4
Suppose 4 = -3*a + 28. Calculate the greatest common divisor of a and 1.
1
Let p = 44 + -30. Let c(f) = -36*f - 1. Let q be 0 - 2 - (0 - 1). Let w be c(q). What is the greatest common factor of p and w?
7
Let a = -76 - -108. Calculate the greatest common factor of a and 24.
8
Let d be 18*((-4)/(-2))/4. Suppose 0 = 5*c + 10 + 25. Let h be (-2)/c + 114/42. Calculate the greatest common divisor of d and h.
3
Suppose -62 = z - 2*z. Suppose -81 - z = -r. Calculate the highest common factor of 13 and r.
13
Let p(j) = j**3 + j**2 - 3*j + 3. Let d be p(4). Suppose w - d - 46 = 0. What is the greatest common divisor of w and 13?
13
Let j(l) = 92*l**2 + 3*l + 2. Let s be j(-1). What is the highest common divisor of 13 and s?
13
Suppose -3*x + 3 = -2*u + 2, 0 = 2*u + 5*x + 41. Let z be (u/(-12))/(3/153). Calculate the greatest common divisor of z and 136.
34
Let p = -22 - -38. Suppose -4*n - 11 = z - 88, 2*n = 4*z + p. What is the highest common divisor of 144 and n?
18
Suppose -160 = 3*k + 2*k. Let x = 10 - k. Calculate the highest common divisor of x and 28.
1